{"id":2107,"date":"2024-04-01T12:03:09","date_gmt":"2024-04-01T10:03:09","guid":{"rendered":"https:\/\/www.berocam.es\/?post_type=equipo&#038;p=2107"},"modified":"2024-04-01T12:57:14","modified_gmt":"2024-04-01T10:57:14","slug":"jeronimo-najera-catedra","status":"publish","type":"equipo","link":"https:\/\/www.berocam.es\/en\/equipo\/jeronimo-najera-catedra\/","title":{"rendered":"Jer\u00f3nimo N\u00e1jera C\u00e1tedra"},"content":{"rendered":"","protected":false},"featured_media":2064,"template":"","rango":[34],"class_list":["post-2107","equipo","type-equipo","status-publish","has-post-thumbnail","hentry","rango-management-team"],"acf":[],"yoast_head":"<!-- This site is optimized with the Yoast SEO plugin v27.5 - https:\/\/yoast.com\/product\/yoast-seo-wordpress\/ -->\n<title>Jer\u00f3nimo N\u00e1jera C\u00e1tedra - Berocam<\/title>\n<meta name=\"robots\" content=\"index, follow, max-snippet:-1, max-image-preview:large, max-video-preview:-1\" \/>\n<link rel=\"canonical\" href=\"https:\/\/www.berocam.es\/en\/equipo\/jeronimo-najera-catedra\/\" \/>\n<meta property=\"og:locale\" content=\"en_US\" \/>\n<meta property=\"og:type\" content=\"article\" \/>\n<meta property=\"og:title\" content=\"Jer\u00f3nimo N\u00e1jera C\u00e1tedra - Berocam\" \/>\n<meta property=\"og:url\" content=\"https:\/\/www.berocam.es\/en\/equipo\/jeronimo-najera-catedra\/\" \/>\n<meta property=\"og:site_name\" content=\"Berocam\" \/>\n<meta property=\"article:modified_time\" content=\"2024-04-01T10:57:14+00:00\" \/>\n<meta property=\"og:image\" content=\"https:\/\/www.berocam.es\/wp-content\/uploads\/j-e1710407101677.jpg\" \/>\n\t<meta property=\"og:image:width\" content=\"880\" \/>\n\t<meta property=\"og:image:height\" content=\"1310\" \/>\n\t<meta property=\"og:image:type\" content=\"image\/jpeg\" \/>\n<meta name=\"twitter:card\" content=\"summary_large_image\" \/>\n<meta name=\"twitter:label1\" content=\"Est. reading time\" \/>\n\t<meta name=\"twitter:data1\" content=\"1 minute\" \/>\n<script type=\"application\/ld+json\" class=\"yoast-schema-graph\">{\"@context\":\"https:\\\/\\\/schema.org\",\"@graph\":[{\"@type\":\"WebPage\",\"@id\":\"https:\\\/\\\/www.berocam.es\\\/en\\\/equipo\\\/jeronimo-najera-catedra\\\/\",\"url\":\"https:\\\/\\\/www.berocam.es\\\/en\\\/equipo\\\/jeronimo-najera-catedra\\\/\",\"name\":\"Jer\u00f3nimo N\u00e1jera C\u00e1tedra - Berocam\",\"isPartOf\":{\"@id\":\"https:\\\/\\\/www.berocam.es\\\/en\\\/#website\"},\"primaryImageOfPage\":{\"@id\":\"https:\\\/\\\/www.berocam.es\\\/en\\\/equipo\\\/jeronimo-najera-catedra\\\/#primaryimage\"},\"image\":{\"@id\":\"https:\\\/\\\/www.berocam.es\\\/en\\\/equipo\\\/jeronimo-najera-catedra\\\/#primaryimage\"},\"thumbnailUrl\":\"https:\\\/\\\/www.berocam.es\\\/wp-content\\\/uploads\\\/j-e1712069400661.jpg\",\"datePublished\":\"2024-04-01T10:03:09+00:00\",\"dateModified\":\"2024-04-01T10:57:14+00:00\",\"breadcrumb\":{\"@id\":\"https:\\\/\\\/www.berocam.es\\\/en\\\/equipo\\\/jeronimo-najera-catedra\\\/#breadcrumb\"},\"inLanguage\":\"en-US\",\"potentialAction\":[{\"@type\":\"ReadAction\",\"target\":[\"https:\\\/\\\/www.berocam.es\\\/en\\\/equipo\\\/jeronimo-najera-catedra\\\/\"]}]},{\"@type\":\"ImageObject\",\"inLanguage\":\"en-US\",\"@id\":\"https:\\\/\\\/www.berocam.es\\\/en\\\/equipo\\\/jeronimo-najera-catedra\\\/#primaryimage\",\"url\":\"https:\\\/\\\/www.berocam.es\\\/wp-content\\\/uploads\\\/j-e1712069400661.jpg\",\"contentUrl\":\"https:\\\/\\\/www.berocam.es\\\/wp-content\\\/uploads\\\/j-e1712069400661.jpg\",\"width\":880,\"height\":1310},{\"@type\":\"BreadcrumbList\",\"@id\":\"https:\\\/\\\/www.berocam.es\\\/en\\\/equipo\\\/jeronimo-najera-catedra\\\/#breadcrumb\",\"itemListElement\":[{\"@type\":\"ListItem\",\"position\":1,\"name\":\"Portada\",\"item\":\"https:\\\/\\\/www.berocam.es\\\/en\\\/\"},{\"@type\":\"ListItem\",\"position\":2,\"name\":\"Jer\u00f3nimo N\u00e1jera C\u00e1tedra\"}]},{\"@type\":\"WebSite\",\"@id\":\"https:\\\/\\\/www.berocam.es\\\/en\\\/#website\",\"url\":\"https:\\\/\\\/www.berocam.es\\\/en\\\/\",\"name\":\"Berocam\",\"description\":\"En berocam pensamos que los activos con mayor impacto en un negocio son las personas y los datos. Por eso, trabajamos junto a los l\u00edderes de las organizaciones que quieren transformar y evolucionar su negocio a partir de los datos (me imagino que no cabr\u00e1 pero hasta donde se corte).\",\"potentialAction\":[{\"@type\":\"SearchAction\",\"target\":{\"@type\":\"EntryPoint\",\"urlTemplate\":\"https:\\\/\\\/www.berocam.es\\\/en\\\/?s={search_term_string}\"},\"query-input\":{\"@type\":\"PropertyValueSpecification\",\"valueRequired\":true,\"valueName\":\"search_term_string\"}}],\"inLanguage\":\"en-US\"}]}<\/script>\n<!-- \/ Yoast SEO plugin. -->","yoast_head_json":{"title":"Jer\u00f3nimo N\u00e1jera C\u00e1tedra - Berocam","robots":{"index":"index","follow":"follow","max-snippet":"max-snippet:-1","max-image-preview":"max-image-preview:large","max-video-preview":"max-video-preview:-1"},"canonical":"https:\/\/www.berocam.es\/en\/equipo\/jeronimo-najera-catedra\/","og_locale":"en_US","og_type":"article","og_title":"Jer\u00f3nimo N\u00e1jera C\u00e1tedra - Berocam","og_url":"https:\/\/www.berocam.es\/en\/equipo\/jeronimo-najera-catedra\/","og_site_name":"Berocam","article_modified_time":"2024-04-01T10:57:14+00:00","og_image":[{"width":880,"height":1310,"url":"https:\/\/www.berocam.es\/wp-content\/uploads\/j-e1710407101677.jpg","type":"image\/jpeg"}],"twitter_card":"summary_large_image","twitter_misc":{"Est. reading time":"1 minute"},"schema":{"@context":"https:\/\/schema.org","@graph":[{"@type":"WebPage","@id":"https:\/\/www.berocam.es\/en\/equipo\/jeronimo-najera-catedra\/","url":"https:\/\/www.berocam.es\/en\/equipo\/jeronimo-najera-catedra\/","name":"Jer\u00f3nimo N\u00e1jera C\u00e1tedra - Berocam","isPartOf":{"@id":"https:\/\/www.berocam.es\/en\/#website"},"primaryImageOfPage":{"@id":"https:\/\/www.berocam.es\/en\/equipo\/jeronimo-najera-catedra\/#primaryimage"},"image":{"@id":"https:\/\/www.berocam.es\/en\/equipo\/jeronimo-najera-catedra\/#primaryimage"},"thumbnailUrl":"https:\/\/www.berocam.es\/wp-content\/uploads\/j-e1712069400661.jpg","datePublished":"2024-04-01T10:03:09+00:00","dateModified":"2024-04-01T10:57:14+00:00","breadcrumb":{"@id":"https:\/\/www.berocam.es\/en\/equipo\/jeronimo-najera-catedra\/#breadcrumb"},"inLanguage":"en-US","potentialAction":[{"@type":"ReadAction","target":["https:\/\/www.berocam.es\/en\/equipo\/jeronimo-najera-catedra\/"]}]},{"@type":"ImageObject","inLanguage":"en-US","@id":"https:\/\/www.berocam.es\/en\/equipo\/jeronimo-najera-catedra\/#primaryimage","url":"https:\/\/www.berocam.es\/wp-content\/uploads\/j-e1712069400661.jpg","contentUrl":"https:\/\/www.berocam.es\/wp-content\/uploads\/j-e1712069400661.jpg","width":880,"height":1310},{"@type":"BreadcrumbList","@id":"https:\/\/www.berocam.es\/en\/equipo\/jeronimo-najera-catedra\/#breadcrumb","itemListElement":[{"@type":"ListItem","position":1,"name":"Portada","item":"https:\/\/www.berocam.es\/en\/"},{"@type":"ListItem","position":2,"name":"Jer\u00f3nimo N\u00e1jera C\u00e1tedra"}]},{"@type":"WebSite","@id":"https:\/\/www.berocam.es\/en\/#website","url":"https:\/\/www.berocam.es\/en\/","name":"Berocam","description":"En berocam pensamos que los activos con mayor impacto en un negocio son las personas y los datos. Por eso, trabajamos junto a los l\u00edderes de las organizaciones que quieren transformar y evolucionar su negocio a partir de los datos (me imagino que no cabr\u00e1 pero hasta donde se corte).","potentialAction":[{"@type":"SearchAction","target":{"@type":"EntryPoint","urlTemplate":"https:\/\/www.berocam.es\/en\/?s={search_term_string}"},"query-input":{"@type":"PropertyValueSpecification","valueRequired":true,"valueName":"search_term_string"}}],"inLanguage":"en-US"}]}},"_links":{"self":[{"href":"https:\/\/www.berocam.es\/en\/wp-json\/wp\/v2\/equipo\/2107","targetHints":{"allow":["GET"]}}],"collection":[{"href":"https:\/\/www.berocam.es\/en\/wp-json\/wp\/v2\/equipo"}],"about":[{"href":"https:\/\/www.berocam.es\/en\/wp-json\/wp\/v2\/types\/equipo"}],"wp:featuredmedia":[{"embeddable":true,"href":"https:\/\/www.berocam.es\/en\/wp-json\/wp\/v2\/media\/2064"}],"wp:attachment":[{"href":"https:\/\/www.berocam.es\/en\/wp-json\/wp\/v2\/media?parent=2107"}],"wp:term":[{"taxonomy":"rango","embeddable":true,"href":"https:\/\/www.berocam.es\/en\/wp-json\/wp\/v2\/rango?post=2107"}],"curies":[{"name":"wp","href":"https:\/\/api.w.org\/{rel}","templated":true}]}}

Jerónimo Nájera Cátedra

<!-- This site is optimized with the Yoast SEO plugin v27.5 - https://yoast.com/product/yoast-seo-wordpress/ -->
<title>Jerónimo Nájera Cátedra - Berocam</title>
<meta name="robots" content="index, follow, max-snippet:-1, max-image-preview:large, max-video-preview:-1" />
<link rel="canonical" href="https://www.berocam.es/en/equipo/jeronimo-najera-catedra/" />
<meta property="og:locale" content="en_US" />
<meta property="og:type" content="article" />
<meta property="og:title" content="Jerónimo Nájera Cátedra - Berocam" />
<meta property="og:url" content="https://www.berocam.es/en/equipo/jeronimo-najera-catedra/" />
<meta property="og:site_name" content="Berocam" />
<meta property="article:modified_time" content="2024-04-01T10:57:14+00:00" />
<meta property="og:image" content="https://www.berocam.es/wp-content/uploads/j-e1710407101677.jpg" />
	<meta property="og:image:width" content="880" />
	<meta property="og:image:height" content="1310" />
	<meta property="og:image:type" content="image/jpeg" />
<meta name="twitter:card" content="summary_large_image" />
<meta name="twitter:label1" content="Est. reading time" />
	<meta name="twitter:data1" content="1 minute" />
<script type="application/ld+json" class="yoast-schema-graph">{"@context":"https:\/\/schema.org","@graph":[{"@type":"WebPage","@id":"https:\/\/www.berocam.es\/en\/equipo\/jeronimo-najera-catedra\/","url":"https:\/\/www.berocam.es\/en\/equipo\/jeronimo-najera-catedra\/","name":"Jerónimo Nájera Cátedra - Berocam","isPartOf":{"@id":"https:\/\/www.berocam.es\/en\/#website"},"primaryImageOfPage":{"@id":"https:\/\/www.berocam.es\/en\/equipo\/jeronimo-najera-catedra\/#primaryimage"},"image":{"@id":"https:\/\/www.berocam.es\/en\/equipo\/jeronimo-najera-catedra\/#primaryimage"},"thumbnailUrl":"https:\/\/www.berocam.es\/wp-content\/uploads\/j-e1712069400661.jpg","datePublished":"2024-04-01T10:03:09+00:00","dateModified":"2024-04-01T10:57:14+00:00","breadcrumb":{"@id":"https:\/\/www.berocam.es\/en\/equipo\/jeronimo-najera-catedra\/#breadcrumb"},"inLanguage":"en-US","potentialAction":[{"@type":"ReadAction","target":["https:\/\/www.berocam.es\/en\/equipo\/jeronimo-najera-catedra\/"]}]},{"@type":"ImageObject","inLanguage":"en-US","@id":"https:\/\/www.berocam.es\/en\/equipo\/jeronimo-najera-catedra\/#primaryimage","url":"https:\/\/www.berocam.es\/wp-content\/uploads\/j-e1712069400661.jpg","contentUrl":"https:\/\/www.berocam.es\/wp-content\/uploads\/j-e1712069400661.jpg","width":880,"height":1310},{"@type":"BreadcrumbList","@id":"https:\/\/www.berocam.es\/en\/equipo\/jeronimo-najera-catedra\/#breadcrumb","itemListElement":[{"@type":"ListItem","position":1,"name":"Portada","item":"https:\/\/www.berocam.es\/en\/"},{"@type":"ListItem","position":2,"name":"Jerónimo Nájera Cátedra"}]},{"@type":"WebSite","@id":"https:\/\/www.berocam.es\/en\/#website","url":"https:\/\/www.berocam.es\/en\/","name":"Berocam","description":"En berocam pensamos que los activos con mayor impacto en un negocio son las personas y los datos. Por eso, trabajamos junto a los líderes de las organizaciones que quieren transformar y evolucionar su negocio a partir de los datos (me imagino que no cabrá pero hasta donde se corte).","potentialAction":[{"@type":"SearchAction","target":{"@type":"EntryPoint","urlTemplate":"https:\/\/www.berocam.es\/en\/?s={search_term_string}"},"query-input":{"@type":"PropertyValueSpecification","valueRequired":true,"valueName":"search_term_string"}}],"inLanguage":"en-US"}]}</script>
<!-- / Yoast SEO plugin. -->

Jerónimo Nájera Cátedra - Berocam

En berocam pensamos que los activos con mayor impacto en un negocio son las personas y los datos. Por eso, trabajamos junto a los líderes de las organizaciones que quieren transformar y evolucionar su negocio a partir de los datos (me imagino que no cabrá pero hasta donde se corte).
